 o?
11
Suppose -14 = -2*w + 2*z, 5*w + 3*z - 4*z = 35. Suppose -227 + 3307 = w*h. List the prime factors of h.
2, 5, 11
Let g(d) = 3*d**3 - 23*d**2 - 3*d + 10. Let y be ((-69)/46)/(6/(-32)). What are the prime factors of g(y)?
2, 5
Let l = 368 - 365. What are the prime factors of l/((-21)/(-7)) + 212?
3, 71
Let t = 45 - 30. Suppose -w - t = -19. Suppose d - 4*p - 36 - 47 = 0, -w*d + 384 = -3*p. List the prime factors of d.
3, 11
Suppose -2*y = -4*d + 566, 3*y = -2*d + 155 + 140. Let x = 27 + -46. Let a = d + x. List the prime factors of a.
2, 31
Let h(i) = 847*i - 40. Let q be h(8). Suppose -g + 1336 = 5*o, 5*g - 2*o - o = q. What are the prime factors of g?
2, 673
Suppose 0 = 52*f - 56*f - 3*x + 43617, -5*x = -5*f + 54530. What are the prime factors of f?
3, 5, 727
Suppose 114*t + 278513 - 1018563 = 64*t. List the prime factors of t.
19, 41
Let c be (-2)/((-10)/(-12087)) + (-438)/730. Let w = -1308 - c. What are the prime factors of w?
2, 3, 5, 37
Suppose 5*a - 283125 = 3*m, -6*m + 57982 + 55268 = 2*a. What are the prime factors of a?
3, 5, 151
Let g be (22 - 0)*((-90)/12)/(-15). List the prime factors of (-22)/g*654/(-4).
3, 109
What are the prime factors of 18/12*-4 - -6681?
3, 5, 89
Let k(g) = g**3 - 10*g**2 + 15*g + 18. Let m be k(8). Suppose -8*d - 3*f - 766 = -m*d, 3*d - f = 1163. List the prime factors of d.
389
Let u be 154/28*(-12)/(-33). Suppose -u*a + a + 122 = 0. List the prime factors of a.
2, 61
Let k(w) = -w**3 - 13*w**2 - w + 10. Let m be k(-15). Suppose -l + 37 = -m. What are the prime factors of l?
2
Suppose 1291*v - 97942 = -3*w + 1290*v, w - 32659 = -2*v. List the prime factors of w.
5, 6529
Let u(z) = 4*z**3 - 16*z**2 - 16*z + 10. Let m(v) = v**2 - 4*v + 8. Let s be m(4). List the prime factors of u(s).
2, 3, 151
What are the prime factors of (153807/(-6))/(25/(-10)) + 9/45?
2, 3, 1709
Let m = 113 + -75. Suppose 37*g = m*g - 118. Suppose -g = -2*q - 4*d, -16 - 295 = -5*q - 2*d. What are the prime factors of q?
3, 7
Let t(v) be the third derivative of -143*v**4/24 + 7*v**3/6 + v**2 + 3. What are the prime factors of t(-5)?
2, 19
Let q(n) = 2*n + 2. Let l(h) = -h**2 + 12*h - 4. Let a be l(11). Suppose 110 = a*f + 3*f. List the prime factors of q(f).
2, 3
Let l be 981/(-27) + (-1)/3*-1. Let h = 154 - l. What are the prime factors of h?
2, 5, 19
Let d(l) be the third derivative of -37*l**4/24 + 103*l**3/6 - 128*l**2. List the prime factors of d(-8).
3, 7, 19
Let z(m) = m**3 + 91*m**2 + 303*m - 32. List the prime factors of z(-84).
2, 43, 139
Let b(t) = -7*t - 33. Let h(w) = -8*w - 34. Let n(l) = -5*b(l) + 4*h(l). Let z be n(-9). What are the prime factors of (28/5)/(2/40*z)?
2, 7
Let s be 5/(-2)*(-2 + 0). Suppose s*d - h = -3*h + 16, 5*d - 5*h - 30 = 0. Suppose -5*n + 225 = -5*x, 37 = -d*n + x + 211. What are the prime factors of n?
43
Let b = 4274 - -210. List the prime factors of b.
2, 19, 59
Suppose 2*d + 4*q - 64 = 0, 2*d - 5*d + q + 68 = 0. Suppose -20*t - d*t = -16896. List the prime factors of t.
2, 3
Let n be ((-2)/(-3))/(80/(-199560)). Let c = 55 - n. What are the prime factors of c?
2, 859
Suppose -6*q + 69468 = -4*m + 3990, 0 = q + 2*m - 10921. What are the prime factors of q?
5, 37, 59
Suppose 1864*f = 1915*f - 689418. List the prime factors of f.
2, 3, 751
Let c be 1*4 - (5 + -5)/6. Suppose -3*b - c*y = -1508, b - 5*y - 15 - 475 = 0. What are the prime factors of b?
2, 5
Suppose -162*n + 421696 = -146*n. List the prime factors of n.
2, 11, 599
Let x = 215 + -908. Let r = 980 + x. What are the prime factors of r?
7, 41
Suppose -3*a = 4*s - 16479, -4*a - 191*s + 193*s + 21994 = 0. What are the prime factors of a?
23, 239
Let b = -2851 - -4803. Suppose 10*d - 8*d = b. What are the prime factors of d?
2, 61
Let m = 8982 + 18478. What are the prime factors of m?
2, 5, 1373
Let h(v) = 3*v**2 - 15*v - 19. Let d = 0 + 5. Let c(w) = 2*w**2 - 7*w - 9. Let n(i) = d*c(i) - 3*h(i). List the prime factors of n(-12).
2, 3
Let s(i) = 4*i**3 - 105*i**2 - 27*i + 40. What are the prime factors of s(30)?
2, 5, 19, 67
Suppose 17710 = 17*r + 5606. List the prime factors of r.
2, 89
Let g(r) = 4*r - 3. Suppose n = -n + 4. Let k be g(n). Suppose 0 = -7*l - k*l + 996. What are the prime factors of l?
83
What are the prime factors of 4*54/24 + 7548 - -3?
2, 3, 5, 7
Let w(y) = -4*y + 29. Let k be (13 - 11 - (-3)/(-1))*7. Let m = 7 + k. What are the prime factors of w(m)?
29
Let p = 3176 - -5491. What are the prime factors of p?
3, 107
Let n(q) = 69*q**2 - 5*q - 18. List the prime factors of n(14).
2, 3359
Let i(l) be the third derivative of -l**6/120 - 3*l**5/20 - 11*l**4/24 - 7*l**3/3 + 11*l**2. Let v = 34 + -43. List the prime factors of i(v).
5, 17
Suppose -227525 = -20*g + 161634 - 6559. List the prime factors of g.
2, 5, 1913
What are the prime factors of (12308/(-2))/(175/(-1700)) - (-36)/126?
2, 71, 421
Suppose -6 = -2*d - 4, 3*p + 2*d = 149. Suppose -w - 22 = -2*l, 4*w - 2*w + p = 5*l. Let i = 20 + w. What are the prime factors of i?
2
Suppose 0 = -2*b - c + 102, 3*b - 8*b + c = -262. Let x = 122 - b. What are the prime factors of x?
2, 5, 7
Suppose 2*r - 2*n = -2*r + 100, -4*r = n - 100. What are the prime factors of 1940/(-16)*(-120)/r?
2, 3, 97
What are the prime factors of 366100/11 - (-334)/1837?
2, 3, 43
Let o(v) = v + 7. Let m be o(-5). Suppose i - 2*f - 10 - m = 0, i - 13 = f. List the prime factors of i.
2, 7
Let y = -5696 + 3834. Let v = y + 3003. What are the prime factors of v?
7, 163
Let j = -11209 + 19333. Suppose 24*l - 12*l - j = 0. What are the prime factors of l?
677
Let h(l) = -1834*l**3 + 12*l**2 + 13*l + 13. What are the prime factors of h(-2)?
7, 11, 191
Let d be (9 + (1 - 0))/(-1). Let h be (6/d)/(12/(-180)). Suppose 168 = -h*z + 11*z. What are the prime factors of z?
2, 3, 7
Let d = 18843 - 10579. List the prime factors of d.
2, 1033
Suppose 115*b + 955647 = 148*b. List the prime factors of b.
3, 7, 197
Suppose 2*w - 51 - 29 = 0. Let a = w + -35. Suppose 0 = -a*d - 3*d + 200. List the prime factors of d.
5
Let m(r) = r**2 - 2 + r + 8*r**3 + 8*r**2 - 7*r**2. Let q be m(1). Suppose -q*g = -10*g - n + 143, -258 = -2*g + 5*n. List the prime factors of g.
139
Suppose 0 = 5*n - k - 10731 - 7945, 0 = n - 3*k - 3724. List the prime factors of n.
2, 467
Suppose 5*l + 39 = -3*h + 23, -4*h - 5*l = 13. Suppose -i = -2*i + 2. Suppose f - 1 = 1, h*f = -i*n + 76. What are the prime factors of n?
5, 7
Let i(t) be the second derivative of -5*t**3/3 - 11*t**2 + 18*t. Let l be i(-7). Let w = l - 45. What are the prime factors of w?
3
Let h = 4270 + -6381. Let b = h - -3579. List the prime factors of b.
2, 367
Suppose -10*f + 41 = -19. Suppose -15*m + f*m + 2295 = 0. List the prime factors of m.
3, 5, 17
Let z(f) = 66*f + 50. Let w(v) = -13*v - 10. Let b be (33/15)/(2 + (-18)/10). Let j(c) = b*w(c) + 2*z(c). List the prime factors of j(-10).
2, 5
Let s(t) be the third derivative of -t**5/60 - 7*t**4/12 - t**3 + t**2. Let y be s(-13). Let d(w) = 7*w - 14. List the prime factors of d(y).
5, 7
Suppose i - 4*h = -2, -15*h - 4 = -17*h. List the prime factors of (i - -2001)/(-3)*1/(-3).
223
Suppose -5 + 1 = -2*j. Suppose 0 = j*z - q - 147, q = 5*z - 422 + 47. Suppose 2*m - z = -0*m. List the prime factors of m.
2, 19
Let g be (10/4)/((-25)/(-60)). Suppose -2*m - 5714 = -3*h, -g*h - 3806 = -8*h - 2*m. What are the prime factors of h?
2, 7, 17
Let p(n) = n**2 - 9*n - 5. Let j be -4*(1 - (-7)/(-2)). Let o be p(j). Suppose -495 + 80 = -o*v. What are the prime factors of v?
83
Suppose 2 = 105*n - 107*n, 3*n = d - 6009. List the prime factors of d.
2, 3, 7, 11, 13
Suppose 6*y + 166047 = -10*y + 37*y. What are the prime factors of y?
7907
Let f = 249 + -186. Suppose 976 = -55*o + f*o. List the prime factors of o.
2, 61
Let b(m) = 48*m**2 + m - 8. Let h be b(3). Let k = h - 255. List the prime factors of k.
2, 43
Let p(z) = z**3 - z. Let g(f) = 4*f**3 - 3*f**2 + 4*f - 12. Let c(u) = -g(u) + 5*p(u). Let m be c(-5). What are the prime factors of (60/42)/5 - (-1230)/m?
2, 11
Let d(u) = -u + 16. Suppose 2*a + 4*q - 32 = 0, 5*a - q = -4*q + 52. Let x be d(a). Suppose x*l - l = 385. What are the prime factors of l?
5, 11
Suppose -20*f - 126452 = -4*i - 19*f, -31616 = -i + f. What are the prime factors of i?
2, 7, 1129
List the prime factors o